). Let g = c - 0. List the prime factors of g.
2, 3
Suppose -2*q = 2*q - 96. Suppose -4*h - q = 2*d, 3*d + h + 2*h + 21 = 0. What are the prime factors of d*3*2/(-4)?
3
Suppose -5 + 0 = -5*u, -2*f + 5*u = -37. What are the prime factors of f?
3, 7
Let c = 21 - 13. Suppose 3*w = 13 + c. Suppose 5*l - 65 = 2*x - w*x, -29 = -2*l - 3*x. List the prime factors of l.
2, 5
Let b = 332 + -233. List the prime factors of b.
3, 11
Let v(x) = -x**3 - x**2. Let m(r) = 3*r**3 + 6*r**2 - r + 7. Let p(h) = -m(h) - 2*v(h). What are the prime factors of p(-5)?
13
What are the prime factors of 6391/35 - 4/(-10) - -1?
2, 23
Suppose 5*t = -7 + 207. What are the prime factors of t?
2, 5
Let v(q) = 50*q**2 - q - 1. What are the prime factors of v(-1)?
2, 5
Suppose 41*h = 43*h - 620. List the prime factors of h.
2, 5, 31
Let b(o) = 11*o - 11. List the prime factors of b(6).
5, 11
Let r(t) = 12*t + 1. Let o = -5 - -6. What are the prime factors of r(o)?
13
Let b(q) = 3*q - 22. Let y be b(9). Suppose -5*m + 5*t = -190, y*t + 86 = 2*m + t. What are the prime factors of m?
3, 11
Suppose 2*k + 0 = 2. Let a be 6/9*(2 + k). Suppose 5*r - 112 = a*n - 18, 2*r - 5*n - 46 = 0. What are the prime factors of r?
2, 3
Let z be 1*(-2 - -5) - 0. Suppose 100 = z*l + o, 2*o - 5 = 3*o. What are the prime factors of l?
5, 7
List the prime factors of 3 - (-32)/4*10.
83
Let y(p) = p + 2. Let j be y(-6). Let v = j + 6. What are the prime factors of v?
2
What are the prime factors of 2*(1 + (-1)/(-2))?
3
Suppose -2*x + 2*y - 38 = 0, 3*y + 13 = x - 3*x. Let p = 6 - x. What are the prime factors of p?
2, 5
Let u = -4 + 8. Suppose u*v + 27 = 3*n, 0 = -3*n + 1 + 2. Let z = 2 - v. What are the prime factors of z?
2
Let z(b) = -3*b - 3. Let p be z(-2). Let r = p + 1. Suppose -r = -t - y + 2*y, -y = 0. List the prime factors of t.
2
Suppose 2*g - 10*g = -8. Let x(h) = h + 3*h + 9*h. What are the prime factors of x(g)?
13
Suppose -3*s = s - 20. Suppose 4*w - 5*z = 2 + 29, 5*w + s*z = 95. What are the prime factors of w?
2, 7
Let t = -143 - -80. Let j = t + 95. List the prime factors of j.
2
Let t(v) = -v**2 + 2*v - 1. Let w = 5 - 3. Let p be t(w). List the prime factors of (1 - p) + 4 + -2.
2
Let j(g) = 3*g**2 + 20*g + 14. List the prime factors of j(-9).
7, 11
Let g be 18 - 2 - (-2 - 0). Suppose 2*c - c = 18. Suppose -2*a + 0*p = 3*p - g, -2*a - 2*p = -c. What are the prime factors of a?
3
Let z = -5 - -9. Suppose -4*i + 0*y = -2*y + 20, z*y - 20 = 3*i. Let f = 22 + i. What are the prime factors of f?
2, 3
Let l = 5 + 0. Suppose -8*d = -13*d + 25. Suppose -4*n + 0*n + 18 = 3*y, l*n - d*y = 5. List the prime factors of n.
3
Let k be 22 + (-1)/(1/(-2)). What are the prime factors of (-1 + 2)/(2/k)?
2, 3
List the prime factors of -3*4/(-8) - (-561)/2.
2, 3, 47
Let s = 14 - 32. Let i be s/12*8/(-6). Suppose -v - 9 = -i*v. What are the prime factors of v?
3
Let g(o) = 3*o**2 - 7. Let v(n) = 8*n**2 - 20. Let f(w) = 17*g(w) - 6*v(w). List the prime factors of f(-1).
2
Let j(s) = s**2 + 5*s - 1. Let f be j(-5). Let m = f - -11. Suppose -5*r = -0*v + 3*v - 2, m = 5*v + 5*r. List the prime factors of v.
2
Suppose -4*h = -2*h - 18. Suppose b = 2*b - h. What are the prime factors of b?
3
List the prime factors of 90/18 - (1 + -294).
2, 149
Let u be (-3 + 2 - -1)/(-1). Suppose -4*k - 4 = -3*z - u, 5*z - 3*k = 25. Let g = -2 + z. What are the prime factors of g?
2, 3
Let f(n) = 3*n**2. Let u be f(1). Suppose g - 311 = -u*g - 5*l, -4*l - 356 = -4*g. Suppose 2*w = -2*w + g. What are the prime factors of w?
3, 7
Let g = 8 + -14. Let n = -5 - g. What are the prime factors of 12/9*n*3?
2
Let r = -36 - -51. Suppose 0 = -0*q + 3*q - r. What are the prime factors of q?
5
Suppose -3*d = -4*d. Suppose d = 3*z - 78 - 27. What are the prime factors of z?
5, 7
Suppose f + 3*f - 2*c + 16 = 0, 0 = 2*f + 5*c + 8. List the prime factors of (-108)/f + -1 + -1.
5
Suppose -4*j + 2*n + 32 = 0, 0 = 4*j + 4*n - 6 - 2. List the prime factors of j.
2, 3
Let n = 41 - 24. Suppose -5*l + 50 = 2*r + n, 4*l - 32 = 4*r. What are the prime factors of l?
7
Suppose 3*m = k + m - 39, 0 = -5*k - 3*m + 208. Suppose 35 = 4*z - k. What are the prime factors of z?
19
Let y = 79 - 26. What are the prime factors of y?
53
Suppose 0 = 2*l - 0*l. Suppose -5*f - 16 + 126 = l. What are the prime factors of f?
2, 11
What are the prime factors of (-5 - -3) + -1 + 51?
2, 3
Suppose -4*j + 296 = -2*b, 2*j - 159 + 479 = -2*b. What are the prime factors of (1 - 0)/((-12)/b)?
13
Let j(m) = -m**2 - 12*m - 11. Suppose 0 = p + 4*p + 40. List the prime factors of j(p).
3, 7
Let i(n) = -n**3 - 4*n**2 - 2*n - 6. Let o be i(-4). Suppose o*z - 16 = -0*z. What are the prime factors of z?
2
Let s = -15 + 27. Suppose 8*v = 4*v + s. List the prime factors of v.
3
Let u be (-16)/6*6/(-4). Suppose -4*d - 4 = -u*m, 0 = 2*m + d + 4*d - 2. List the prime factors of -12*1/(-3)*m.
2
Suppose s - 5 = w + 4, -5*w - 30 = -2*s. Suppose 3*z + 11 = k + 4*z, 0 = -2*k + s*z + 15. What are the prime factors of k?
2, 5
Let v(i) = i**3 - i**2 - 7*i - 5. Let x(o) = 2*o + 8. Let n be x(-6). Let c be v(n). List the prime factors of 3/(-1 + c/(-48)).
2
Let l = 6 - 4. Suppose -l*z + 12 = z. Suppose -z*t = t - 45. List the prime factors of t.
3
Suppose -63*n + 990 = -60*n. What are the prime factors of n?
2, 3, 5, 11
List the prime factors of (-1570)/4*(-6)/(-30)*-4.
2, 157
Let z = 110 - 63. List the prime factors of z.
47
List the prime factors of ((-41)/3)/((-1)/3).
41
Let f = 14 - 9. Suppose 4*p + 16 = f*p. What are the prime factors of p?
2
What are the prime factors of ((-74)/4)/(4/(-8))?
37
Let w(i) = -i - 14. Let o be w(-9). Let m = o - -17. Suppose m = 4*l - 16. What are the prime factors of l?
7
Let n(a) = -2*a + a - 2 + 21*a**2 + 2. List the prime factors of n(1).
2, 5
Suppose 0 = a - 2*a + 42. What are the prime factors of a?
2, 3, 7
Let o be 4 + -67 - (-2)/1. List the prime factors of (-4)/(-18) - o/9.
7
Let i(j) = -7*j + 11. What are the prime factors of i(-11)?
2, 11
Suppose -3*d + 9 = -0*d. Suppose -d*i + 0*b + 90 = -b, 5*i = 2*b + 150. List the prime factors of i.
2, 3, 5
Let p(f) = f**3 + 2*f**2 - f. Let s be p(-2). Suppose -s*u - 112 = -4*d, 0 = 2*d + 4*u - 50 + 14. What are the prime factors of d?
2, 13
Let l = 4 - -2. What are the prime factors of l?
2, 3
Let j(y) = -5*y**2 + 4*y - 1. Let n(m) = -4*m**2 + 3*m - 1. Let h(z) = 3*j(z) - 4*n(z). Let v be (24/16)/(1/2). List the prime factors of h(v).
2, 5
Let u(c) = c**3 + 11*c**2 + 10*c - 4. Let p be u(-10). Let k be (p/(-2))/((-1)/(-1)). Let x = k - -6. List the prime factors of x.
2
Suppose -4*o + 0*u - 4*u = -52, 3*u - 15 = 0. Let x be (-4)/o*10/(-1). Suppose 73 = x*z + 3. List the prime factors of z.
2, 7
Let s = 44 + -27. What are the prime factors of s - 20 - 11/(-1)?
2
Let d(z) = -2*z**2 - 2*z - 1. Let l be d(-2). Let g(a) = -4 + 11*a - 13*a + 8. List the prime factors of g(l).
2, 7
Let d(c) = c**3 + 8*c**2 + 6*c - 3. Let f be d(-7). Let u(t) = 2 + 2*t**2 + 5 - f*t - 4. List the prime factors of u(2).
3
Suppose 16*h - 18*h = 0. Suppose -3*o - 5*j + 90 = h, -5*j + 184 = 5*o + 24. What are the prime factors of o?
5, 7
Suppose -3*o + 68 + 49 = 0. What are the prime factors of o?
3, 13
Let f(r) = r**2 - 15*r + 7. List the prime factors of f(17).
41
Let h(i) = -9*i. Let j = 2 - 4. Let s be h(j). Suppose -s + 2 = -4*u. What are the prime factors of u?
2
Suppose -j = -2*j + 4. Suppose 3*o - o = j. List the prime factors of o.
2
Suppose -28 = -4*o + 2*q, 4*o - 16 = 2*o + 2*q. What are the prime factors of -3*o/9 + 23?
3, 7
Suppose -6*c = -2*c - 2*g - 50, 2*c = 4*g + 40. What are the prime factors of c?
2, 5
Let s(z) = -z + 8. Let a be s(4). Suppose -36 = -a*o + 4. List the prime factors of o.
2, 5
Let b = -11 - -14. Suppose 5*k = -3*t + 2 + 2, 2*t + b*k = 3. Suppose t*r + 3 = 0, w = 5*w - 4*r - 92. What are the prime factors of w?
2, 11
Let t be 6 - (-1)/1*-3. Suppose 0 = -t*a + 48 + 12. What are the prime factors of a?
2, 5
Suppose 0 = 5*h - 295 - 20. List the prime factors of h.
3, 7
Suppose -39 = 5*p - l, 0 = -p + 2*p - l + 7. Let m = -3 - p. What are the prime factors of m?
5
Suppose -2*t - 106 = 4*z, t - 113 = 3*z - 26. Let o = 47 + z. What are the prime factors of o?
19
Let y be (-4 + 3)*-1 - -16. Suppose -d = -3*l - y, -3*d 